{"id":3378,"date":"2021-08-27T13:43:57","date_gmt":"2021-08-27T13:43:57","guid":{"rendered":"http:\/\/www.grof.hu\/?page_id=3378"},"modified":"2021-08-27T17:05:58","modified_gmt":"2021-08-27T17:05:58","slug":"szerviz-es-karbantartas","status":"publish","type":"page","link":"https:\/\/www.grof.hu\/?page_id=3378","title":{"rendered":"Szerv\u00edz \u00e9s karbantart\u00e1s"},"content":{"rendered":"  <div id=\"page-header-1737194908\" class=\"page-header-wrapper\">\n  <div class=\"page-title dark featured-title has-parallax\">\n\n        <div class=\"page-title-bg\">\n      <div class=\"title-bg fill bg-fill\"\n        data-parallax-container=\".page-title\"\n        data-parallax-background\n        data-parallax=\"-5\">\n      <\/div>\n      <div class=\"title-overlay fill\"><\/div>\n    <\/div>\n    \n    <div class=\"page-title-inner container align-center flex-row medium-flex-wrap\" >\n              <div class=\"title-wrapper is-xlarge flex-col text-left medium-text-center\">\n          <h1 class=\"entry-title mb-0\">\n            Szerv\u00edz \u00e9s karbantart\u00e1s          <\/h1>\n        <\/div>\n                    <div class=\"title-content flex-col flex-right text-right medium-text-center\">\n        <div class=\"title-breadcrumbs pb-half pt-half\"><\/div>      <\/div>\n    <\/div>\n\n     \n<style>\n#page-header-1737194908 .page-title-inner {\n  min-height: 200px;\n}\n#page-header-1737194908 .title-bg {\n  background-image: url(https:\/\/www.grof.hu\/wp-content\/uploads\/2021\/08\/grof-szerviz.jpg);\n}\n#page-header-1737194908 .title-overlay {\n  background-color: rgba(0, 0, 0, 0.5);\n}\n<\/style>\n  <\/div>\n    <\/div>\n  \n\t<section class=\"section\" id=\"section_4670776\">\n\t\t<div class=\"bg section-bg fill bg-fill  bg-loaded\" >\n\n\t\t\t\n\t\t\t\n\t\t\t\n\n\t\t<\/div>\n\n\t\t<div class=\"section-content relative\">\n\t\t\t\n<div class=\"row\"  id=\"row-29729210\">\n\n\t<div id=\"col-237801489\" class=\"col medium-4 small-12 large-4\"  >\n\t\t\t\t<div class=\"col-inner\"  >\n\t\t\t\n\t\t\t\n<ul class=\"sidebar-wrapper ul-reset\"><aside id=\"pages-2\" class=\"widget widget_pages\"><span class=\"widget-title \"><span>Szolg\u00e1ltat\u00e1saink<\/span><\/span><div class=\"is-divider small\"><\/div>\n\t\t\t<ul>\n\t\t\t\t<li class=\"page_item page-item-3382\"><a href=\"https:\/\/www.grof.hu\/?page_id=3382\">\u00c9rt\u00e9kes\u00edt\u00e9s<\/a><\/li>\n<li class=\"page_item page-item-3380\"><a href=\"https:\/\/www.grof.hu\/?page_id=3380\">Kapcsol\u00f3szekr\u00e9ny tervez\u00e9s \u00e9s gy\u00e1rt\u00e1s<\/a><\/li>\n<li class=\"page_item page-item-3378\"><a href=\"https:\/\/www.grof.hu\/?page_id=3378\">Szerv\u00edz \u00e9s karbantart\u00e1s<\/a><\/li>\n\t\t\t<\/ul>\n\n\t\t\t<\/aside><\/ul>\n\t\t<\/div>\n\t\t\t\t\t<\/div>\n\n\t\n\n\t<div id=\"col-544012477\" class=\"col medium-8 small-12 large-8\"  >\n\t\t\t\t<div class=\"col-inner\"  >\n\t\t\t\n\t\t\t\n\t<div id=\"text-367685196\" class=\"text\">\n\t\t\n<p>Az \u00e9p\u00fcletautomatika egy sok elemb\u0151l \u00e1ll\u00f3, rendk\u00edv\u00fcl komplex rendszer. A megb\u00edzhat\u00f3 m\u0171k\u00f6d\u00e9s \u00e9rdek\u00e9ben elengedhetetlen mind a hardveres elemek b\u0151v\u00edt\u00e9se \u00e9s moderniz\u00e1l\u00e1sa, mind pedig a szoftveres komponensek naprak\u00e9szen tart\u00e1sa, illetve a teljes strukt\u00fara id\u0151nk\u00e9nti finomhangol\u00e1sa. \u00c9ppen ez\u00e9rt szolg\u00e1ltat\u00e1si palett\u00e1nk egyik kiemelt szegmense az \u00e9p\u00fcletautomatikai rendszerek hozz\u00e1\u00e9rt\u0151 karbantart\u00e1sa \u00e9s szakszer\u0171 szerv\u00edzel\u00e9se.<\/p>\n<p>Az \u00e1ltalunk telep\u00edtett \u00e9p\u00fcletfel\u00fcgyeleti rendszerekre 5 \u00e9ves garanci\u00e1t v\u00e1llalunk, \u00e9s az esetleges hib\u00e1kat az \u00e9v b\u00e1rmely napj\u00e1n, r\u00f6vid kisz\u00e1ll\u00e1si id\u0151vel orvosoljuk. A karbantart\u00e1si \u00e9s szerv\u00edz feladatokat term\u00e9szetesen a j\u00f3t\u00e1ll\u00e1s lej\u00e1rta ut\u00e1n is a legmagasabb sz\u00ednvonalon l\u00e1tjuk el.<\/p>\n\t\t\n<style>\n#text-367685196 {\n  line-height: 1.75;\n}\n<\/style>\n\t<\/div>\n\t\n\t\t<\/div>\n\t\t\t\t\t<\/div>\n\n\t\n<\/div>\n\t\t<\/div>\n\n\t\t\n<style>\n#section_4670776 {\n  padding-top: 30px;\n  padding-bottom: 30px;\n}\n<\/style>\n\t<\/section>\n\t\n","protected":false},"excerpt":{"rendered":"","protected":false},"author":1,"featured_media":0,"parent":0,"menu_order":0,"comment_status":"closed","ping_status":"closed","template":"page-blank.php","meta":[],"_links":{"self":[{"href":"https:\/\/www.grof.hu\/index.php?rest_route=\/wp\/v2\/pages\/3378"}],"collection":[{"href":"https:\/\/www.grof.hu\/index.php?rest_route=\/wp\/v2\/pages"}],"about":[{"href":"https:\/\/www.grof.hu\/index.php?rest_route=\/wp\/v2\/types\/page"}],"author":[{"embeddable":true,"href":"https:\/\/www.grof.hu\/index.php?rest_route=\/wp\/v2\/users\/1"}],"replies":[{"embeddable":true,"href":"https:\/\/www.grof.hu\/index.php?rest_route=%2Fwp%2Fv2%2Fcomments&post=3378"}],"version-history":[{"count":2,"href":"https:\/\/www.grof.hu\/index.php?rest_route=\/wp\/v2\/pages\/3378\/revisions"}],"predecessor-version":[{"id":3404,"href":"https:\/\/www.grof.hu\/index.php?rest_route=\/wp\/v2\/pages\/3378\/revisions\/3404"}],"wp:attachment":[{"href":"https:\/\/www.grof.hu\/index.php?rest_route=%2Fwp%2Fv2%2Fmedia&parent=3378"}],"curies":[{"name":"wp","href":"https:\/\/api.w.org\/{rel}","templated":true}]}}